 is c(0)?
-6
Let v(q) = 114*q - 932. Calculate v(8).
-20
Let p(a) = a**2 + 209*a - 1248. What is p(6)?
42
Let d(s) = -11*s**2 + 5*s + 41. Give d(-5).
-259
Let f(j) = j**3 - 39*j**2 - 676*j + 108. Determine f(52).
108
Let l(j) = -9*j**2 - 86*j + 57. Calculate l(-11).
-86
Let i(u) = -288*u - 2870. Determine i(-10).
10
Let h(b) = 5*b**2 + 52*b - 25. Determine h(-10).
-45
Let j(s) = s**2 + 21*s - 101. Determine j(5).
29
Let x(a) = -40*a - 256. Give x(21).
-1096
Let j(c) = -c**3 - 20*c**2 + 40*c - 295. Give j(-22).
-207
Let z(h) = -h**3 + 38*h**2 - 19*h - 123. Determine z(37).
543
Let a(h) = -h**2 - 35*h - 198. Determine a(-8).
18
Let a(y) = -6*y**2 + 641*y - 337. Calculate a(107).
-444
Let l(p) = 2*p**3 + 78*p**2 - 77*p - 186. Calculate l(-40).
-306
Let r(z) = z**3 + 12*z**2 - 8*z + 18. Determine r(-11).
227
Let h(f) = 372*f + 359. Calculate h(-1).
-13
Let i(m) = -m**3 - 13*m**2 - 4*m - 1. Give i(-12).
-97
Let w(p) = -p**2 + 96*p - 700. What is w(88)?
4
Let u(c) = -66098*c - 528782. What is u(-8)?
2
Let x(u) = u**2 + 37*u - 344. What is x(-49)?
244
Let n(b) = 9*b**3 - 357*b**2 - 118*b - 90. Give n(40).
-10
Let d(n) = 164*n + 330. Determine d(-2).
2
Let b(s) = 2*s**3 + 9*s**2 - 31*s + 35. Determine b(-7).
7
Let u(p) = 146*p + 990. Give u(-7).
-32
Let g(a) = 2*a**2 - 83*a + 473. Give g(7).
-10
Let m(l) = -134*l + 365. Give m(3).
-37
Let p(g) = g**3 - 10*g**2 - 86*g - 24. Give p(16).
136
Let y(d) = 128*d - 127. What is y(-3)?
-511
Let w(o) = 19*o - 3821. Calculate w(201).
-2
Let h(c) = 2*c**2 + 166*c + 1049. What is h(-7)?
-15
Let f(z) = -z**2 + 80*z - 1109. What is f(61)?
50
Let v(s) = -9*s - 197. Calculate v(-15).
-62
Let v(o) = 11*o**2 - 48*o - 47. Give v(-1).
12
Let r(k) = -2*k**2 + 44*k - 44. What is r(22)?
-44
Let o(k) = -177*k + 1945. Give o(11).
-2
Let w(j) = 14*j + 307. Give w(-22).
-1
Let r(u) = -107*u - 605. Give r(-5).
-70
Let g(b) = 9*b**2 + 19*b - 4. Calculate g(-3).
20
Let f(h) = 12*h**2 - 830*h - 660. Calculate f(70).
40
Let q(j) = -j**2 + 196*j - 587. Determine q(3).
-8
Let i(h) = -h**3 - 19*h**2 - 18*h + 2. What is i(-15)?
-628
Let d(k) = 64*k + 507. Calculate d(-18).
-645
Let f(h) = 478*h - 15143. Determine f(32).
153
Let l(w) = 118*w**2. Give l(-1).
118
Let c(j) = -2*j**3 + 330*j**2 + 347*j - 2523. Give c(166).
-33
Let y(z) = -150*z**2 + 31*z. What is y(1)?
-119
Let j(u) = 94*u + 1051. Calculate j(-10).
111
Let i(s) = -95*s + 4862. Calculate i(51).
17
Let h(n) = -12*n + 1393. What is h(115)?
13
Let w(z) = -180*z**2 - 2339*z + 13. What is w(-13)?
0
Let t(s) = s**3 + 11*s**2 + 20*s - 24. Determine t(-9).
-42
Let j(s) = -s**3 - 4*s**2 + 397*s - 770. Give j(2).
0
Let y(k) = -7*k + 85. What is y(-5)?
120
Let q(b) = -12*b**2 - 1326*b + 4789. Calculate q(-114).
1
Let w(z) = z**3 + 56*z**2 + 767*z - 4. Determine w(-24).
20
Let p(a) = -a**3 - 6*a**2 - 4*a + 14. Give p(-5).
9
Let j(g) = g**3 + 8*g**2 + 6*g + 102. Calculate j(-9).
-33
Let w(q) = -q**3 + 36*q**2 - 106*q + 243. What is w(33)?
12
Let p(r) = -r**3 - 6*r**2 - 4*r - 1. Calculate p(-7).
76
Let o(l) = 443*l - 2216. What is o(5)?
-1
Let n(b) = -13*b**2 - 35*b - 5. Calculate n(-2).
13
Let d(l) = 2*l**2 + 5*l - 111. What is d(0)?
-111
Let d(y) = -3*y**2 - 60*y + 442. Give d(6).
-26
Let p(w) = -81*w - 1783. Give p(-22).
-1
Let l(w) = -89*w + 111. Give l(5).
-334
Let v(x) = -15*x**3 - 3*x**2 + 3. Calculate v(-1).
15
Let c(w) = -7*w**2 + 305*w + 152. What is c(44)?
20
Let a(k) = -k**3 - 11*k**2 - 17*k - 6. Give a(-6).
-84
Let l(s) = -s**3 + 147*s**2 - 153*s + 1099. Determine l(146).
77
Let h(j) = -9*j**3 - 103*j**2 + 9*j + 36. Determine h(-11).
-547
Let g(h) = -324*h - 1320. Determine g(-5).
300
Let q(i) = -i**3 + 6*i**2 + 47*i + 34. Calculate q(-4).
6
Let y(s) = s**2 + 3271*s - 145863. What is y(44)?
-3
Let t(c) = -1711*c - 11937. Calculate t(-7).
40
Let g(d) = 8*d + 117. What is g(-10)?
37
Let a(y) = y**3 - 71*y**2 - 231*y + 669. What is a(74)?
3
Let g(u) = 48*u - 19. What is g(-4)?
-211
Let u(c) = -405*c + 7286. What is u(18)?
-4
Let z(t) = 92*t - 465. Give z(5).
-5
Let w(q) = q**3 - 7*q**2 - 12*q - 32. What is w(-5)?
-272
Let o(g) = -g**3 - 20*g**2 - 11*g + 178. Determine o(-19).
26
Let b(k) = -3*k**2 - 3*k + 7. Determine b(-6).
-83
Let c(a) = 4*a**2 - 6*a - 132. What is c(-5)?
-2
Let d(a) = -2*a**2 - 5*a + 12. Give d(-9).
-105
Let b(m) = -m**2 + 46*m - 16. Give b(42).
152
Let i(q) = -2*q**3 + 30*q**2 + 108*q - 24. Determine i(18).
-24
Let o(k) = 60*k - 1949. Calculate o(37).
271
Let b(l) = 50*l - 387. Calculate b(7).
-37
Let j(l) = -l**3 + 6*l + 8. What is j(5)?
-87
Let g(q) = -59*q + 2412. Determine g(41).
-7
Let j(y) = -y**3 - 14*y**2 - 51*y + 19. Determine j(-7).
33
Let p(h) = 186*h + 776. What is p(-5)?
-154
Let z(g) = -110*g + 782. Give z(7).
12
Let t(g) = -12*g + 864. What is t(64)?
96
Let o(q) = -11*q + 430. Determine o(41).
-21
Let v(f) = f**3 + 34*f**2 + 22*f - 358. What is v(-33)?
5
Let h(w) = -39*w - 129. What is h(-5)?
66
Let q(h) = 273*h + 13950. What is q(-51)?
27
Let r(u) = 3*u**3 + 75*u**2 - 437*u + 402. Calculate r(-30).
12
Let r(x) = -5932*x + 100853. Calculate r(17).
9
Let m(v) = 17*v**2 - 2047*v + 2849. What is m(119)?
-7
Let k(l) = -86*l**2 + 26*l + 13. Determine k(3).
-683
Let b(k) = -k**3 + 6*k**2 - 4*k - 29. Determine b(-4).
147
Let o(l) = 31*l + 13. Give o(0).
13
Let t(a) = -2*a**3 - 44*a**2 - 15*a - 324. Determine t(-22).
6
Let r(s) = -s**3 - 14*s**2 + 157*s + 1999. Calculate r(-13).
-211
Let h(j) = 11*j**2 + 380*j + 2028. Give h(-28).
12
Let k(f) = -1042*f - 8325. Calculate k(-8).
11
Let f(y) = 13*y**2 + 16*y + 16. Determine f(-1).
13
Let d(o) = -4*o**2 - 35*o - 5. Give d(-6).
61
Let d(u) = -4*u - 13. Give d(-7).
15
Let c(d) = 21*d**2 - 21*d + 5. Give c(1).
5
Let k(v) = -7*v**2 + 385*v - 121. Give k(55).
-121
Let v(l) = 13*l**3 + 3*l**2 - 3*l - 11. Calculate v(-2).
-97
Let p(x) = x**3 - 48*x**2 + 74*x - 1231. What is p(47)?
38
Let d(q) = q**3 + 11*q**2 + 26*q + 166. What is d(-10)?
6
Let b(z) = z**2 + 12*z - 43. Give b(11).
210
Let g(o) = -179*o + 2520. What is g(14)?
14
Let s(u) = -16073*u + 16072. Give s(1).
-1
Let p(h) = h**3 - 2*h**2 - 5*h + 50. Determine p(5).
100
Let d(g) = 5*g**3 + 8*g**2 + 6*g - 13. Determine d(1).
6
Let o(j) = 11*j**3 + 3*j**2 + 7*j + 5. What is o(-1)?
-10
Let o(z) = z**3 - 32*z**2 + 189*z + 356. Give o(23).
-58
Let s(d) = d**3 - 2*d**2 + 347*d + 11. What is s(0)?
11
Let x(o) = -2*o**2 + 19*o - 40. Give x(14).
-166
Let o(y) = -4*y**2 - 13*y + 34. What is o(8)?
-326
Let z(y) = 2*y**2 + y - 49. Calculate z(9).
122
Let z(g) = 705*g - 22561. Determine z(32).
-1
Let v(x) = -x**3 + 5*x**2 + 264*x - 45. Determine v(-14).
-17
Let w(g) = -g**3 + 25*g**2 - 83*g - 26. Give w(22).
-400
Let h(c) = -c**3 + 16*c**2 + 13*c + 143. Determine h(17).
75
Let g(a) = 6*a**2 - 3*a - 69. Give g(-6).
165
Let t(q) = 15*q - 605. Give t(37).
-50
Let m(o) = -o**3 + 135*o**2 - 3367*o + 102. Calculate m(102).
0
Let v(k) = k**3 + 5*k**2 + 145*k + 726. What is v(-5)?
1
Let b(i) = 144*i + 321. Calculate b(-2).
33
Let u(m) = 40*m - 18. Give u(9).
342
Let y(u) = -172*u - 32. What is y(1)?
-204
Let v(s) = 183*s + 8994. Give v(-49).
27
Let n(a) = 6*a - 59. Give n(1).
-53
Let m(w) = 2*w**3 - 43*w**2 + 54*w + 45. Calculate m(20).
-75
Let f(d) = 26*d**2 - 672*d - 108. What is f(26)?
-4
Let z(n) = n**3 - 33*n**2 + 107*n - 452. Give z(30).
58
Let x(f) = f**2 + 115*f + 13. What is x(0)?
13
Let m(f) = 54*f**2 + 8*f - 10. Determine m(2).
222
Let w(n) = -191*n + 678. What is w(4)?
-86
Let c(w) = -w**3 - w**2 - 3*w - 107. Calculate c(0).
-107
Let t(x) = 106*x + 9438. Give t(-89).
4
Let v(h) = h**3 + 4*h**2 - 2*h - 10. Calculate v(-4).
-2
Let l(m) = m**2 - 46*m + 66. Determine l(46).
66
Let m(c) = 2*c**3 - 67*c**2 - 83*c + 3822. Calculate m(33).
-6
Let b(h) = -h**3 + 26*h**2 + 66*h - 297. Calculate b(28).
-17
Let s(u) = -17*u**3 + 685*u**2 - 204*u + 166. Determine s(40).
6
Let u(r) = -152*r - 6664. Give u(-44).
24
Let o(b) = 35*b - 1656. What is o(47)?
-11
Let o(s) = 10*s**2 - 78*s - 7. What is o(9)?
101
Let p(o) = -846*o + 7611. Calculate p(9).
-3
Let n(w) = w**3 - 7*w**2 - 383*w + 1968. Give n(5).
3
Let r(t) = t**2 - 1025*t - 32724. What is r(-31)?
12
Let b(s) = -s**2 - 563*s + 5715. Give b(10).
-15
Let f(j) = 3*j**3 + 67*j**2 + 21*j + 3. Give f(-22).
25
Let l(c) = 3*c + 10